{"id":28,"date":"2025-09-10T15:39:10","date_gmt":"2025-09-10T15:39:10","guid":{"rendered":"http:\/\/klcoudc.cluster021.hosting.ovh.net\/?page_id=28"},"modified":"2025-09-10T15:39:10","modified_gmt":"2025-09-10T15:39:10","slug":"qui-sommes-nous","status":"publish","type":"page","link":"https:\/\/rarecollect.shop\/index.php\/qui-sommes-nous\/","title":{"rendered":"Qui sommes-nous ?"},"content":{"rendered":"\n<main class=\"wp-block-group has-base-2-background-color has-background has-global-padding is-layout-constrained wp-block-group-is-layout-constrained\" style=\"padding-top:var(--wp--preset--spacing--50);padding-bottom:var(--wp--preset--spacing--50)\">\n<div class=\"wp-block-columns is-layout-flex wp-container-core-columns-is-layout-658170e2 wp-block-columns-is-layout-flex\">\n<div class=\"wp-block-column is-vertically-aligned-center is-layout-flow wp-block-column-is-layout-flow\" style=\"flex-basis:60%\">\n<p class=\"has-primary-color has-text-color has-link-color wp-elements-58296c21ce444867662fe4826c9d0213\" style=\"margin-top:0;margin-bottom:0;font-style:normal;font-weight:500\">Chez Rare Collect, nous sommes avant tout des passionn\u00e9s. Nous avons cr\u00e9\u00e9 ce site pour partager avec vous notre amour pour les objets de collection : figurines, cartes, jeux vid\u00e9o, consoles, et bien d\u2019autres tr\u00e9sors issus de la pop culture japonaise.<\/p>\n\n\n\n<p>Notre mission est simple : vous ouvrir un univers \u00e0 part, rempli de tr\u00e9sors \u00e0 d\u00e9couvrir. Nous nous engageons \u00e0 vous offrir une exp\u00e9rience client unique, en alliant conseils personnalis\u00e9s et prix attractifs sur les objets que vous recherchez.<\/p>\n\n\n\n<p>Professionnels et \u00e0 l\u2019\u00e9coute des tendances, nous mettons un point d\u2019honneur \u00e0 garantir un service client rapide et une livraison efficace, pour que votre exp\u00e9rience soit fluide et agr\u00e9able.<\/p>\n\n\n\n<p>Avec Rarecollect, chaque visite est comme la d\u00e9couverte d\u2019une cache de tr\u00e9sors, \u00e0 port\u00e9e de main. Plongez, explorez, et laissez-vous surprendre.<\/p>\n\n\n\n<div class=\"wp-block-columns is-layout-flex wp-container-core-columns-is-layout-328c6305 wp-block-columns-is-layout-flex\" style=\"padding-top:var(--wp--preset--spacing--30)\">\n<div class=\"wp-block-column has-border-radius has-shadow has-background is-layout-flow wp-block-column-is-layout-flow\" style=\"background-color:#c64f62;padding-top:var(--wp--preset--spacing--20);padding-right:var(--wp--preset--spacing--20);padding-bottom:var(--wp--preset--spacing--20);padding-left:var(--wp--preset--spacing--20)\">\n<figure class=\"wp-block-image aligncenter size-full\"><img decoding=\"async\" src=\"http:\/\/klcoudc.cluster021.hosting.ovh.net\/wp-content\/themes\/quantumshop\/assets\/images\/about-2.png\" alt=\"\" class=\"wp-image-12653\"\/><\/figure>\n\n\n\n<h2 class=\"wp-block-heading has-text-align-center has-link-color-color has-text-color has-link-color wp-elements-f29b82a88849eb896edd69b3f23d340d\" style=\"font-size:clamp(20px, 1.25rem + ((1vw - 3.2px) * 1.176), 32px);font-style:normal;font-weight:600\">900+<\/h2>\n\n\n\n<p class=\"has-text-align-center has-link-color-color has-text-color has-link-color has-medium-font-size wp-elements-3e7a52b5bea2c8f333905496e1d783f4\" style=\"margin-top:0;margin-right:0;margin-bottom:0;margin-left:0;font-style:normal;font-weight:500\">Clients satisfaits<\/p>\n<\/div>\n\n\n\n<div class=\"wp-block-column has-border-radius has-shadow has-background is-layout-flow wp-block-column-is-layout-flow\" style=\"background-color:#dc7c2a;padding-top:var(--wp--preset--spacing--20);padding-right:var(--wp--preset--spacing--20);padding-bottom:var(--wp--preset--spacing--20);padding-left:var(--wp--preset--spacing--20)\">\n<figure class=\"wp-block-image aligncenter size-full\"><img decoding=\"async\" src=\"http:\/\/klcoudc.cluster021.hosting.ovh.net\/wp-content\/themes\/quantumshop\/assets\/images\/about-3.png\" alt=\"\" class=\"wp-image-12654\"\/><\/figure>\n\n\n\n<h2 class=\"wp-block-heading has-text-align-center has-link-color-color has-text-color has-link-color wp-elements-8e8e36a2564728c914dba80b081edd7a\" style=\"font-size:clamp(20px, 1.25rem + ((1vw - 3.2px) * 1.176), 32px);font-style:normal;font-weight:600\">800+<\/h2>\n\n\n\n<p class=\"has-text-align-center has-link-color-color has-text-color has-link-color has-medium-font-size wp-elements-4d5e678fddf55e8281b492c1fa7a9fde\" style=\"margin-top:0;margin-right:0;margin-bottom:0;margin-left:0;font-style:normal;font-weight:500\">Avis <\/p>\n\n\n\n<p class=\"has-text-align-center has-link-color-color has-text-color has-link-color has-medium-font-size wp-elements-fe0b480b5d83a406ddbad5c1c0431acf\" style=\"margin-top:0;margin-right:0;margin-bottom:0;margin-left:0;font-style:normal;font-weight:500\">5 \u00e9toiles<\/p>\n<\/div>\n\n\n\n<div class=\"wp-block-column has-border-radius has-shadow has-background is-layout-flow wp-block-column-is-layout-flow\" style=\"background-color:#b2a281;padding-top:var(--wp--preset--spacing--20);padding-right:var(--wp--preset--spacing--20);padding-bottom:var(--wp--preset--spacing--20);padding-left:var(--wp--preset--spacing--20)\">\n<figure class=\"wp-block-image aligncenter size-full wp-duotone-unset-1\"><img decoding=\"async\" src=\"http:\/\/klcoudc.cluster021.hosting.ovh.net\/wp-content\/themes\/quantumshop\/assets\/images\/about-1.png\" alt=\"\" class=\"wp-image-12652\"\/><\/figure>\n\n\n\n<h2 class=\"wp-block-heading has-text-align-center has-link-color-color has-text-color has-link-color wp-elements-26b0082976c66c36b94cc80f21f4d616\" style=\"font-size:clamp(20px, 1.25rem + ((1vw - 3.2px) * 1.176), 32px);font-style:normal;font-weight:600\">UE<\/h2>\n\n\n\n<p class=\"has-text-align-center has-link-color-color has-text-color has-link-color has-medium-font-size wp-elements-1eff78fb254574e1281803abfb0763eb\" style=\"margin-top:0;margin-right:0;margin-bottom:0;margin-left:0;font-style:normal;font-weight:500\">Livraison<\/p>\n<\/div>\n\n\n\n<div class=\"wp-block-column has-border-radius has-shadow has-background is-layout-flow wp-block-column-is-layout-flow\" style=\"background-color:#fef0a7;padding-top:var(--wp--preset--spacing--20);padding-right:var(--wp--preset--spacing--20);padding-bottom:var(--wp--preset--spacing--20);padding-left:var(--wp--preset--spacing--20)\">\n<figure class=\"wp-block-image aligncenter size-full\"><img decoding=\"async\" src=\"http:\/\/klcoudc.cluster021.hosting.ovh.net\/wp-content\/themes\/quantumshop\/assets\/images\/about-4.png\" alt=\"\" class=\"wp-image-12655\"\/><\/figure>\n\n\n\n<h2 class=\"wp-block-heading has-text-align-center has-text-color has-link-color wp-elements-9c81b6f982822feb4cd34310f02e8569\" style=\"color:#191818;font-size:clamp(20px, 1.25rem + ((1vw - 3.2px) * 1.176), 32px);font-style:normal;font-weight:600\">5<\/h2>\n\n\n\n<p class=\"has-text-align-center has-text-color has-link-color has-medium-font-size wp-elements-df79ed9dad65524a15da043e647b34be\" style=\"color:#181818;margin-top:0;margin-right:0;margin-bottom:0;margin-left:0;font-style:normal;font-weight:500\">Pr\u00e9sence en Market-place<\/p>\n<\/div>\n<\/div>\n<\/div>\n\n\n\n<div class=\"wp-block-column is-layout-flow wp-block-column-is-layout-flow\">\n<figure class=\"wp-block-image aligncenter size-full has-custom-border\"><img loading=\"lazy\" decoding=\"async\" width=\"425\" height=\"780\" src=\"http:\/\/klcoudc.cluster021.hosting.ovh.net\/wp-content\/uploads\/2025\/09\/Visuel_chambre_collectionneur_qui_sommes_nous.jpg\" alt=\"\" class=\"wp-image-29\" style=\"border-radius:8px;object-fit:cover\" srcset=\"https:\/\/rarecollect.shop\/wp-content\/uploads\/2025\/09\/Visuel_chambre_collectionneur_qui_sommes_nous.jpg 425w, https:\/\/rarecollect.shop\/wp-content\/uploads\/2025\/09\/Visuel_chambre_collectionneur_qui_sommes_nous-163x300.jpg 163w\" sizes=\"auto, (max-width: 425px) 100vw, 425px\" \/><\/figure>\n<\/div>\n<\/div>\n<\/main>\n","protected":false},"excerpt":{"rendered":"<p>Chez Rare Collect, nous sommes avant tout des passionn\u00e9s. Nous avons cr\u00e9\u00e9 ce site pour partager avec vous notre amour pour les objets de collection : figurines, cartes, jeux vid\u00e9o, consoles, et bien d\u2019autres tr\u00e9sors issus de la pop culture japonaise. Notre mission est simple : vous ouvrir un univers \u00e0 part, rempli de tr\u00e9sors [&hellip;]<\/p>\n","protected":false},"author":1,"featured_media":0,"parent":0,"menu_order":0,"comment_status":"closed","ping_status":"closed","template":"","meta":{"footnotes":""},"class_list":["post-28","page","type-page","status-publish","hentry"],"_links":{"self":[{"href":"https:\/\/rarecollect.shop\/index.php\/wp-json\/wp\/v2\/pages\/28","targetHints":{"allow":["GET"]}}],"collection":[{"href":"https:\/\/rarecollect.shop\/index.php\/wp-json\/wp\/v2\/pages"}],"about":[{"href":"https:\/\/rarecollect.shop\/index.php\/wp-json\/wp\/v2\/types\/page"}],"author":[{"embeddable":true,"href":"https:\/\/rarecollect.shop\/index.php\/wp-json\/wp\/v2\/users\/1"}],"replies":[{"embeddable":true,"href":"https:\/\/rarecollect.shop\/index.php\/wp-json\/wp\/v2\/comments?post=28"}],"version-history":[{"count":1,"href":"https:\/\/rarecollect.shop\/index.php\/wp-json\/wp\/v2\/pages\/28\/revisions"}],"predecessor-version":[{"id":30,"href":"https:\/\/rarecollect.shop\/index.php\/wp-json\/wp\/v2\/pages\/28\/revisions\/30"}],"wp:attachment":[{"href":"https:\/\/rarecollect.shop\/index.php\/wp-json\/wp\/v2\/media?parent=28"}],"curies":[{"name":"wp","href":"https:\/\/api.w.org\/{rel}","templated":true}]}}