{"id":34,"date":"2025-09-10T15:59:15","date_gmt":"2025-09-10T15:59:15","guid":{"rendered":"http:\/\/klcoudc.cluster021.hosting.ovh.net\/?page_id=34"},"modified":"2025-09-10T15:59:15","modified_gmt":"2025-09-10T15:59:15","slug":"mentions-legales","status":"publish","type":"page","link":"https:\/\/rarecollect.shop\/index.php\/mentions-legales\/","title":{"rendered":"Mentions l\u00e9gales"},"content":{"rendered":"\n<main class=\"wp-block-group has-base-2-background-color has-background is-layout-flow wp-block-group-is-layout-flow\" style=\"padding-top:var(--wp--preset--spacing--30);padding-right:25px;padding-bottom:var(--wp--preset--spacing--30);padding-left:25px\">\n<figure class=\"wp-block-image aligncenter size-full is-resized has-custom-border is-style-rounded is-style-rounded--1\"><img loading=\"lazy\" decoding=\"async\" width=\"283\" height=\"283\" src=\"http:\/\/klcoudc.cluster021.hosting.ovh.net\/wp-content\/uploads\/2025\/09\/logo_mini._rarecollect.png\" alt=\"Logo Rare Collect\" class=\"has-border-color has-primary-border-color wp-image-9\" style=\"border-width:3px;border-radius:100%;object-fit:cover;width:120px;height:120px\" srcset=\"https:\/\/rarecollect.shop\/wp-content\/uploads\/2025\/09\/logo_mini._rarecollect.png 283w, https:\/\/rarecollect.shop\/wp-content\/uploads\/2025\/09\/logo_mini._rarecollect-150x150.png 150w\" sizes=\"auto, (max-width: 283px) 100vw, 283px\" \/><\/figure>\n\n\n\n<h2 class=\"wp-block-heading has-text-align-center\" style=\"font-size:clamp(15.747px, 0.984rem + ((1vw - 3.2px) * 0.809), 24px);font-style:normal;font-weight:700\">Rare Collect <\/h2>\n\n\n\n<p class=\"has-text-align-center has-contrast-2-color has-text-color has-link-color has-sml-medium-font-size wp-elements-d8bc5ff3281e2a6f78c38337ae3e5287\" style=\"margin-top:0;margin-bottom:0\"><\/p>\n\n\n\n<p class=\"has-text-align-left\" style=\"margin-top:var(--wp--preset--spacing--30);margin-bottom:var(--wp--preset--spacing--30)\"><strong>\u00c9diteur du site<\/strong><\/p>\n\n\n\n<p>Nom de l\u2019entreprise : Rare Collect<\/p>\n\n\n\n<p>Forme juridique : Soci\u00e9t\u00e9 par actions simplifi\u00e9es (SAS)<\/p>\n\n\n\n<p>Adresse du si\u00e8ge social : 150 Rue Legendre 75017 Paris<\/p>\n\n\n\n<p>Num\u00e9ro SIRET \/ SIREN : 988 891 230 000 19<\/p>\n\n\n\n<p>Directeur de la publication : Lo\u00efc Sanchez<\/p>\n\n\n\n<p><strong>H\u00e9bergement<\/strong><\/p>\n\n\n\n<p>H\u00e9bergeur : OVH<\/p>\n\n\n\n<p>Adresse : 2 Rue Kellermann 59100 Roubaix<\/p>\n\n\n\n<p>T\u00e9l\u00e9phone : 1007<\/p>\n\n\n\n<p>Site web : www.ovh.com<\/p>\n\n\n\n<p><strong>Propri\u00e9t\u00e9 intellectuelle<\/strong><\/p>\n\n\n\n<p>Tous les contenus pr\u00e9sents sur ce site (textes, images, logos, designs, graphismes, etc.) sont la propri\u00e9t\u00e9 exclusive de rare Collect ou de ses partenaires, sauf mention contraire. Toute reproduction, diffusion ou modification sans autorisation est interdite.<\/p>\n\n\n\n<p><strong>Responsabilit\u00e9<\/strong><\/p>\n\n\n\n<p>Les informations publi\u00e9es sur ce site sont fournies \u00e0 titre informatif. Rare Collect ne peut \u00eatre tenu responsable des erreurs ou omissions, ni des cons\u00e9quences de l\u2019utilisation de ces informations.<\/p>\n\n\n\n<p><strong>Collecte et protection des donn\u00e9es personnelles<\/strong><\/p>\n\n\n\n<p>Si vous nous contactez via le formulaire, seules les informations n\u00e9cessaires \u00e0 la r\u00e9ponse seront collect\u00e9es. Vos donn\u00e9es ne seront ni vendues ni partag\u00e9es. Conform\u00e9ment au RGPD, vous disposez d\u2019un droit d\u2019acc\u00e8s, de rectification et de suppression de vos donn\u00e9es personnelles en contactant : loic.sanchez@rarecollect.shop.<\/p>\n\n\n\n<p><strong>Droit applicable<\/strong><\/p>\n\n\n\n<p class=\"has-text-align-left\" style=\"margin-top:var(--wp--preset--spacing--30);margin-bottom:var(--wp--preset--spacing--30)\">Ce site est soumis au droit fran\u00e7ais.<\/p>\n<\/main>\n","protected":false},"excerpt":{"rendered":"<p>Rare Collect \u00c9diteur du site Nom de l\u2019entreprise : Rare Collect Forme juridique : Soci\u00e9t\u00e9 par actions simplifi\u00e9es (SAS) Adresse du si\u00e8ge social : 150 Rue Legendre 75017 Paris Num\u00e9ro SIRET \/ SIREN : 988 891 230 000 19 Directeur de la publication : Lo\u00efc Sanchez H\u00e9bergement H\u00e9bergeur : OVH Adresse : 2 Rue Kellermann [&hellip;]<\/p>\n","protected":false},"author":1,"featured_media":0,"parent":0,"menu_order":0,"comment_status":"closed","ping_status":"closed","template":"","meta":{"footnotes":""},"class_list":["post-34","page","type-page","status-publish","hentry"],"_links":{"self":[{"href":"https:\/\/rarecollect.shop\/index.php\/wp-json\/wp\/v2\/pages\/34","targetHints":{"allow":["GET"]}}],"collection":[{"href":"https:\/\/rarecollect.shop\/index.php\/wp-json\/wp\/v2\/pages"}],"about":[{"href":"https:\/\/rarecollect.shop\/index.php\/wp-json\/wp\/v2\/types\/page"}],"author":[{"embeddable":true,"href":"https:\/\/rarecollect.shop\/index.php\/wp-json\/wp\/v2\/users\/1"}],"replies":[{"embeddable":true,"href":"https:\/\/rarecollect.shop\/index.php\/wp-json\/wp\/v2\/comments?post=34"}],"version-history":[{"count":1,"href":"https:\/\/rarecollect.shop\/index.php\/wp-json\/wp\/v2\/pages\/34\/revisions"}],"predecessor-version":[{"id":35,"href":"https:\/\/rarecollect.shop\/index.php\/wp-json\/wp\/v2\/pages\/34\/revisions\/35"}],"wp:attachment":[{"href":"https:\/\/rarecollect.shop\/index.php\/wp-json\/wp\/v2\/media?parent=34"}],"curies":[{"name":"wp","href":"https:\/\/api.w.org\/{rel}","templated":true}]}}